t are the prime factors of 18209?
131, 139
What are the prime factors of 4001?
4001
What are the prime factors of 134612?
2, 73, 461
What are the prime factors of 50178?
2, 3, 8363
What are the prime factors of 625?
5
List the prime factors of 4236.
2, 3, 353
List the prime factors of 42064.
2, 11, 239
What are the prime factors of 1241?
17, 73
What are the prime factors of 1427?
1427
List the prime factors of 2259.
3, 251
What are the prime factors of 27082?
2, 11, 1231
List the prime factors of 69593.
69593
What are the prime factors of 4624?
2, 17
List the prime factors of 18696.
2, 3, 19, 41
What are the prime factors of 58460?
2, 5, 37, 79
What are the prime factors of 523?
523
List the prime factors of 468.
2, 3, 13
List the prime factors of 39776.
2, 11, 113
What are the prime factors of 48581?
13, 37, 101
What are the prime factors of 5748?
2, 3, 479
What are the prime factors of 2507?
23, 109
What are the prime factors of 403?
13, 31
List the prime factors of 646.
2, 17, 19
List the prime factors of 248.
2, 31
What are the prime factors of 12493?
13, 31
What are the prime factors of 2898?
2, 3, 7, 23
What are the prime factors of 16218?
2, 3, 17, 53
List the prime factors of 28274.
2, 67, 211
What are the prime factors of 3839?
11, 349
List the prime factors of 68685.
3, 5, 19, 241
What are the prime factors of 11016?
2, 3, 17
What are the prime factors of 40788?
2, 3, 11, 103
What are the prime factors of 3578?
2, 1789
List the prime factors of 824.
2, 103
List the prime factors of 700.
2, 5, 7
List the prime factors of 953.
953
What are the prime factors of 488?
2, 61
What are the prime factors of 1653?
3, 19, 29
What are the prime factors of 50747?
31, 1637
List the prime factors of 16700.
2, 5, 167
What are the prime factors of 446?
2, 223
List the prime factors of 1139.
17, 67
What are the prime factors of 7072?
2, 13, 17
List the prime factors of 21302.
2, 10651
What are the prime factors of 1029?
3, 7
List the prime factors of 3629.
19, 191
What are the prime factors of 632?
2, 79
List the prime factors of 2640.
2, 3, 5, 11
What are the prime factors of 17633?
7, 11, 229
What are the prime factors of 25066?
2, 83, 151
What are the prime factors of 22166?
2, 11083
List the prime factors of 27836.
2, 6959
List the prime factors of 726.
2, 3, 11
List the prime factors of 103.
103
List the prime factors of 2370.
2, 3, 5, 79
What are the prime factors of 776?
2, 97
List the prime factors of 464.
2, 29
What are the prime factors of 6442?
2, 3221
What are the prime factors of 7534?
2, 3767
List the prime factors of 7691.
7691
What are the prime factors of 3990?
2, 3, 5, 7, 19
What are the prime factors of 80385?
3, 5, 23, 233
List the prime factors of 14467.
17, 23, 37
What are the prime factors of 220?
2, 5, 11
List the prime factors of 570.
2, 3, 5, 19
What are the prime factors of 47261?
167, 283
List the prime factors of 12980.
2, 5, 11, 59
List the prime factors of 58056.
2, 3, 41, 59
List the prime factors of 953.
953
What are the prime factors of 183?
3, 61
What are the prime factors of 30188?
2, 7547
What are the prime factors of 11?
11
List the prime factors of 74799.
3, 8311
What are the prime factors of 1354?
2, 677
List the prime factors of 777.
3, 7, 37
List the prime factors of 543.
3, 181
What are the prime factors of 36847?
36847
What are the prime factors of 2974?
2, 1487
List the prime factors of 1137.
3, 379
What are the prime factors of 494?
2, 13, 19
What are the prime factors of 32853?
3, 47, 233
List the prime factors of 364.
2, 7, 13
List the prime factors of 2114.
2, 7, 151
What are the prime factors of 9537?
3, 11, 17
List the prime factors of 3878.
2, 7, 277
What are the prime factors of 1126?
2, 563
List the prime factors of 2760.
2, 3, 5, 23
What are the prime factors of 15?
3, 5
What are the prime factors of 52448?
2, 11, 149
List the prime factors of 948.
2, 3, 79
What are the prime factors of 4411?
11, 401
What are the prime factors of 18121?
18121
What are the prime factors of 44075?
5, 41, 43
List the prime factors of 2385.
3, 5, 53
What are the prime factors of 1059?
3, 353
What are the prime factors of 46121?
17, 2713
What are the prime factors of 68894?
2, 7, 19, 37
What are the prime factors of 2074?
2, 17, 61
List the prime factors of 4677.
3, 1559
What are the prime factors of 6542?
2, 3271
What are the prime factors of 9656?
2, 17, 71
What are the prime factors of 897?
3, 13, 23
List the prime factors of 688.
2, 43
List the prime factors of 1976.
2, 13, 19
What are the prime factors of 2478?
2, 3, 7, 59
List the prime factors of 2100.
2, 3, 5, 7
What are the prime factors of 1460?
2, 5, 73
List the prime factors of 26093.
97, 269
What are the prime factors of 1076?
2, 269
What are the prime factors of 10505?
5, 11, 191
What are the prime factors of 2228?
2, 557
What are the prime factors of 28978?
2, 14489
What are the prime factors of 1744?
2, 109
List the prime factors of 4192.
2, 131
List the prime factors of 13771.
47, 293
What are the prime factors of 34499?
34499
What are the prime factors of 5684?
2, 7, 29
List the prime factors of 137767.
7, 19681
List the prime factors of 2327.
13, 179
List the prime factors of 2229.
3, 743
What are the prime factors of 7482?
2, 3, 29, 43
What are the prime factors of 20144?
2, 1259
What are the prime factors of 11111?
41, 271
What are the prime factors of 5159?
7, 11, 67
What are the prime factors of 6146?
2, 7, 439
What are the prime factors of 138203?
13, 10631
What are the prime factors of 5060?
2, 5, 11, 23
What are the prime factors of 1380?
2, 3, 5, 23
List the prime factors of 7133.
7, 1019
List the prime factors of 7034.
2, 3517
What are the prime factors of 1773?
3, 197
List the prime factors of 554.
2, 277
List the prime factors of 1852.
2, 463
What are the prime factors of 178972?
2, 101, 443
List the prime factors of 9387.
3, 7, 149
List the prime factors of 35083.
35083
What are the prime factors of 13589?
107, 127
List the prime factors of 63851.
67, 953
List the prime factors of 990.
2, 3, 5, 11
List the prime factors of 1059.
3, 353
List the prime factors of 437.
19, 23
List the prime factors of 337.
337
What are the prime factors of 7282?
2, 11, 331
What are the prime factors of 157092?
2, 3, 13, 19, 53
List the prime factors of 347.
347
List the prime factors of 2421.
3, 269
What are the prime factors of 4314?
2, 3, 719
What are the prime factors of 4647?
3, 1549
List the prime factors of 743.
743
What are the prime factors of 13060?
2, 5, 653
List the prime factors of 13721.
13721
What are the prime factors of 10618?
2, 5309
List the prime factors of 316.
2, 79
List the prime factors of 184401.
3, 7, 2927
What are the prime factors of 50624?
2, 7, 113
List the prime factors of 3687.
3, 1229
What are the prime factors of 1747?
1747
What are the prime factors of 673?
673
List the prime factors of 80276.
2, 7, 47, 61
What are the prime factors of 131620?
2, 5, 6581
What are the prime factors of 7683?
3, 13, 197
What are the prime factors of 147?
3, 7
What are the prime factors of 1359?
3, 151
What are the prime factors of 2330?
2, 5, 233
List the prime factors of 18235.
5, 7, 521
List the prime factors of 5553.
3, 617
What are the prime factors of 30014?
2, 43, 349
List the prime factors of 10698.
2, 3, 1783
What are the prime factors of 19714?
2, 9857
What are the prime factors of 1375?
5, 11
List the prime factors of 15136.
2, 11, 43
What are the prime factors of 4327?
4327
What are the prime factors of 37929?
3, 47, 269
List the prime factors of 1455.
3, 5, 97
What are the prime factors of 2092?
2, 523
What are the prime factors of 1353?
3, 11, 41
What are the prime factors of 7755?
3, 5, 11, 47
List the prime factors of 1792.
2, 7
List the prime factors of 4102.
2, 7, 293
What are the prime factors of 5786?
2, 11, 263
What are the prime factors of 102878?
2, 51439
List the prime factors of 50853.
3, 11, 23, 67
List the prime factors of 14624.
2, 457
List the prime factors of 51406.
2, 25703
What are the prime factors of 1375?
5, 11
What are the prime factors of 6738?
2, 3, 1123
What are the prime factors of 13475?
5, 7, 11
List the prime factors of 312.
2, 3, 13
What are the prime factors of 130677?
3, 43, 1013
List the prime 